{"id":34,"date":"2014-11-20T10:50:18","date_gmt":"2014-11-20T10:50:18","guid":{"rendered":"http:\/\/todoalojamiento.es\/web_test\/sanchez-parrondo\/?page_id=34"},"modified":"2014-11-27T17:34:53","modified_gmt":"2014-11-27T17:34:53","slug":"inicio","status":"publish","type":"page","link":"https:\/\/www.sanchezparrondo.com\/","title":{"rendered":"Inicio"},"content":{"rendered":"<div id=\"aq-template-wrapper-356\" class=\"aq-template-wrapper aq_row\">\n\t\t<div  id=\"section-home\" class=\"horizontal__page js_winsize off-page section__block js_page\"   data-section='home' >\n\t\t \t\t\t<div  class=\"section__background\"  style=\"opacity:1;\" ><\/div>\n\t\t \n\n\t\t <div>\n\t\t\t\t\t<h2 class=\"section__title\">Home<\/h2>\n\t\t\n\t\t\n\t\t\t\t\t\t\t\n\t\t\t\t<div class=\"js_bgslide cf\">\n\t\t\t\t\t<div class=\"js_bgslide__slides\">\n\t\t\t\t\t\t <div class=\"slides-container\">\n\t\t\t\t\t\t\t\t\t\t\t\t\t\n\t\t\t\t\t\t\t\t\t\t\t\t\t\t\t\t<img data-width=\"1920\" data-height=\"1348\" src=\"https:\/\/www.sanchezparrondo.com\/wp-content\/uploads\/2015\/03\/1a.jpg\"\/>\n\n\t\t\t\t\t\t\t\t\t\t\t\t\t\t\t\t\t\t\t\t\n\t\t\t\t\t\t\t\t\t\t\t\t\t\t\t\t<img data-width=\"1920\" data-height=\"1129\" src=\"https:\/\/www.sanchezparrondo.com\/wp-content\/uploads\/2015\/03\/2a1.jpg\"\/>\n\n\t\t\t\t\t\t\t\t\t\t\t\t\t\t\t\t\t\t\t\t\n\t\t\t\t\t\t\t\t\t\t\t\t\t\t\t\t<img data-width=\"1920\" data-height=\"1378\" src=\"https:\/\/www.sanchezparrondo.com\/wp-content\/uploads\/2015\/03\/3a.jpg\"\/>\n\n\t\t\t\t\t\t\t\t\t\t\t\t\t\t\t\t\t\t\t\t\n\t\t\t\t\t\t\t\t\t\t\t\t\t\t\t\t<img data-width=\"1920\" data-height=\"1066\" src=\"https:\/\/www.sanchezparrondo.com\/wp-content\/uploads\/2015\/03\/4a.jpg\"\/>\n\n\t\t\t\t\t\t\t\t\t\t\t\t\t\t\t\t\t\t\t\t\n\t\t\t\t\t\t\t\t\t\t\t\t\t\t\t\t<img data-width=\"1920\" data-height=\"1042\" src=\"https:\/\/www.sanchezparrondo.com\/wp-content\/uploads\/2015\/03\/5a.jpg\"\/>\n\n\t\t\t\t\t\t\t\t\t\t\t\t\t\t\t\t\t\t\t\t\n\t\t\t\t\t\t\t\t\t\t\t\t\t\t\t\t<img data-width=\"1800\" data-height=\"1200\" src=\"https:\/\/www.sanchezparrondo.com\/wp-content\/uploads\/2014\/12\/6.jpg\"\/>\n\n\t\t\t\t\t\t\t\t\t\t\t\t\t\t\t\t\t\t\t\t\n\t\t\t\t\t\t\t\t\t\t\t\t\t\t\t\t<img data-width=\"1920\" data-height=\"1038\" src=\"https:\/\/www.sanchezparrondo.com\/wp-content\/uploads\/2015\/03\/7a.jpg\"\/>\n\n\t\t\t\t\t\t\t\t\t\t\t\t\t\t\t\t\t\t\t\t\n\t\t\t\t\t\t\t\t\t\t\t\t\t\t\t\t<img data-width=\"1920\" data-height=\"1014\" src=\"https:\/\/www.sanchezparrondo.com\/wp-content\/uploads\/2015\/03\/8a.jpg\"\/>\n\n\t\t\t\t\t\t\t\t\t\t\t\t\t\t\t\t\t\t\t\t\n\t\t\t\t\t\t\t\t\t\t\t\t\t\t\t\t<img data-width=\"1920\" data-height=\"1080\" src=\"https:\/\/www.sanchezparrondo.com\/wp-content\/uploads\/2015\/03\/9a.jpg\"\/>\n\n\t\t\t\t\t\t\t\t\t\t\t\t\t\t\t\t\t\t\t<\/div>\n\t\t\t\t\t<\/div>\n\t\t\t\t<\/div>\n\t\t\t\t\t\t\n\t\t\t\t\t\t\n\n\t\t\t\t\t\t<\/div> <!-- .inner -->\n\t\t<\/div> <!-- .section__block -->\n\t\t\n\t\t<div  id=\"section-empresa\" class=\"horizontal__page js_winsize off-page section__block js_page\"  style=\"background-color:#000000;\"   data-section='empresa' >\n\t\t \t\t\t<div  class=\"section__background backstretch\"  style=\"opacity:1;background-image:url('http:\/\/todoalojamiento.es\/web_test\/sanchez-parrondo\/wp-content\/uploads\/2015\/03\/fodoempresa.jpg');\" ><\/div>\n\t\t \n\n\t\t <div class=\"container--padding\" >\n\t\t\t\t\t<h2 class=\"section__title\">Empresa<\/h2>\n\t\t\n\t\t<div id=\"356-4\" class=\"village_block_page column cf one-whole\" >\n\t\t\t\t\t\t\t <div class=\"container js_scroll js_winsize\">\n\t\t\t\t\t\t\t\t\t\t \t\t<div class=\"single-page content\">\n\t\n\t<div class=\"content__inner\">\n\t\t<div style=\"margin-left: 0px;\">\n<table border=\"0\" cellspacing=\"5\" cellpadding=\"5\">\n<tbody>\n<tr>\n<td valign=\"top\" width=\"430\">\n<h2 style=\"color: #ffffff; text-align: left; margin-left: 0px;\">&#8221; Un poquito de historia&#8230;&#8221;<\/h2>\n<div style=\"width: 460px; margin-left: 0px; color: #ffffff; font-style: italic;\" align=\"left\">\n<p align=\"justify\"><span style=\"padding-left: 0.9cm;\"><strong>Transfrigo S\u00e1nchez Parrondo S.L.<\/strong> es una empresa<\/span> familiar que con el paso del tiempo ha ido cambiando de nombre y denominaci\u00f3n seg\u00fan los tiempos. Creada en 1940 por <span style=\"color: #ff0000;\"><strong>Luis S\u00e1nchez Candela,<\/strong><\/span> del que cogi\u00f3 su primer nombre, en sus inicios se dedic\u00f3 al transporte de ganado a nivel nacional y m\u00e1s adelante empez\u00f3 con el transporte refrigerado, siendo un adelantado, ya que por 1952 compro su primer cami\u00f3n refrigerado con motor aut\u00f3nomo.<\/p>\n<p><span style=\"padding-left: 0.9cm;\">Tras su fallecimiento,<\/span> sus hijos Luis y Antonio cambiaron el nombre por el de Hnos. S\u00e1nchez C.B., hasta que en 1991, por causas legales se oblig\u00f3 a las C.B. del transporte a que se transformaran en S.L. , dando nombre a <span style=\"color: #ff0000;\"><strong>Transportes S\u00e1nchez Parrondo S.l.,<\/strong><\/span> etapa en la que se reforzaron en el transporte de carne colgada tanto en Espa\u00f1a como en Portugal.<\/p>\n<p align=\"justify\"><span style=\"padding-left: 0.9cm;\">Es la tercera generaci\u00f3n la que configura el nuevo nombre en 2003<\/span> con el que actualmente se trabaja, y en la que siguiendo los pasos de nuestros antecesores conseguimos afianzarnos en el transporte a temperatura controlada a nivel peninsular, siendo nuestra especializaci\u00f3n el transporte de <span style=\"color: #ff0000;\"><strong>carne colgada.<\/strong><\/span><\/p>\n<p align=\"justify\"><span style=\"padding-left: 0.9cm;\">Durante<\/span> el paso de las diferentes generaciones la premisa en nuestra labor diaria es mantener un nivel superior de calidad, manteniendo a dia de hoy contactos y clientes de la primera etapa.<\/p>\n<p align=\"justify\"><span style=\"padding-left: 0.9cm;\">Para una empresa<\/span> <span style=\"color: #ff0000;\"><strong>familiar<\/strong><\/span> como es S\u00e1nchez Parrondo es un orgullo que la cuarta generaci\u00f3n ya empiece a integrarse, empujando y con nuevas ideas.<\/p>\n<\/div>\n<p align=\"justify\">\n<p align=\"justify\">\n<p align=\"justify\">\n<p align=\"justify\">\n<p align=\"justify\">.<\/p>\n<p align=\"justify\">.<\/p>\n<p align=\"justify\">.<\/p>\n<p align=\"justify\">.<\/p>\n<p align=\"justify\">.<\/p>\n<p align=\"justify\">.<\/p>\n<p align=\"justify\">\n<\/td>\n<td valign=\"top\" width=\"658\"><img loading=\"lazy\" class=\"alignnone size-full wp-image-744\" src=\"http:\/\/www.sanchezparrondo.com\/wp-content\/uploads\/2013\/12\/foto1.jpg\" alt=\"foto\" width=\"658\" height=\"514\" srcset=\"https:\/\/www.sanchezparrondo.com\/wp-content\/uploads\/2013\/12\/foto1.jpg 658w, https:\/\/www.sanchezparrondo.com\/wp-content\/uploads\/2013\/12\/foto1-300x234.jpg 300w, https:\/\/www.sanchezparrondo.com\/wp-content\/uploads\/2013\/12\/foto1-200x156.jpg 200w\" sizes=\"(max-width: 658px) 100vw, 658px\" \/><\/td>\n<\/tr>\n<\/tbody>\n<\/table>\n<\/div>\n\t\t\t<\/div>\n\n<\/div>\n\t\t\t\t \t\n\t\t\t\t\t\t\t\t \t<\/div>\n\t\t\t \n\t\t\t <\/div>\t\t\t\t<\/div> <!-- .inner -->\n\t\t<\/div> <!-- .section__block -->\n\t\t\n\t\t<div  id=\"section-servicios\" class=\"horizontal__page js_winsize off-page section__block js_page\"  style=\"background-color:#ffffff;\"   data-section='servicios' >\n\t\t \t\t\t<div  class=\"section__background backstretch\"  style=\"opacity:0.4;background-image:url('http:\/\/www.sanchezparrondo.com\/wp-content\/uploads\/2014\/12\/fondo-servicios2.jpg');\" ><\/div>\n\t\t \n\n\t\t <div class=\"container--padding\" >\n\t\t\t\t\t<h2 class=\"section__title\">Servicios<\/h2>\n\t\t\n\t\t<div id=\"356-6\" class=\"village_block_page column cf one-whole\" >\n\t\t\t\t\t\t\t <div class=\"container js_scroll js_winsize\">\n\t\t\t\t\t\t\t\t\t\t \t\t<div class=\"single-page content\">\n\t\n\t<div class=\"content__inner\">\n\t\t<div style=\"margin-top: -60px;\">\n<h1 style=\"text-align: center; color: #000000;\">SERVICIOS<\/h1>\n<h3 style=\"text-align: center; color: #000000; font-weight: bold;\">Especializados en el transporte a temperatura dirigida y concretamente en el de carne colgada, cargamos cualquier tipo de mercanc\u00eda.<br \/>Nuestra zona de mayor influencia es Espa\u00f1a y Portugal, aunque realizamos cualquier ruta a petici\u00f3n de nuestros clientes.<\/h3>\n<p><div class=\"grid-wrapper\"><\/p>\n<p><div class=\"g column-12 \"><\/p>\n<p><div class=\"village-pricing\"><\/p>\n<p><h2 class=\"village-pricing__title\"><span style=\"color: #ff0000;\">FLOTA DE VEH\u00cdCULOS<\/span><\/h2><\/p>\n<p><h3 class=\"village-pricing__price\">24 Trailers Frigor\u00edficos Portacarne<\/h3><\/p>\n<p><div class=\"village-pricing__content\"><ul><li class=\"village-pricing__item\"><\/p>\n<p>Veh\u00edculos equipados con control de distancia activo y lector de carril<\/p>\n<p><\/li><li class=\"village-pricing__item\"><\/p>\n<h4 style=\"color: #000000; font-weight: lighter;\">Sistemas de seguridad activa para nuestros conductores<\/h4>\n<p><\/li><li class=\"village-pricing__item\"><\/p>\n<h4 style=\"color: #000000; font-weight: lighter;\">Cabezas tractoras que incorporan sistema telem\u00e1tico<\/h4>\n<p><\/li><li class=\"village-pricing__item\"><\/p>\n<h4 style=\"color: #000000; font-weight: lighter;\">Control mediante GPS para cualquier posible incidencia en la ruta<\/h4>\n<p><\/li><li class=\"village-pricing__item\"><\/p>\n<h4 style=\"color: #000000; font-weight: lighter;\">Semirremolques que adem\u00e1s de control de posici\u00f3n, disponen de informaci\u00f3n de la temperatura<\/h4>\n<p><\/li><li class=\"village-pricing__item\"><\/p>\n<h4 style=\"color: #000000; font-weight: lighter;\">Realizamos cualquier ruta a petici\u00f3n de nuestros clientes<\/h4>\n<p><\/li><li class=\"village-pricing__item\"><\/p>\n<div align=\"center\">\n<p><a href=\"http:\/\/www.sanchezparrondo.com\/wp-content\/uploads\/2014\/11\/camiones.png\"><img loading=\"lazy\" class=\"alignnone size-full wp-image-738\" src=\"http:\/\/www.sanchezparrondo.com\/wp-content\/uploads\/2014\/11\/camiones.png\" alt=\"camiones\" width=\"300\" height=\"162\" srcset=\"https:\/\/www.sanchezparrondo.com\/wp-content\/uploads\/2014\/11\/camiones.png 300w, https:\/\/www.sanchezparrondo.com\/wp-content\/uploads\/2014\/11\/camiones-200x108.png 200w\" sizes=\"(max-width: 300px) 100vw, 300px\" \/><\/a><\/p>\n<h4 style=\"color: #ff0000; font-weight: lighter;\">Camiones Frigor\u00edficos de Transfrigo<\/h4>\n<\/div>\n<p><\/li><li class=\"village-pricing__item\"><\/p>\n<p><\/li><\/ul><\/div><\/p>\n<p><a href=\"mailto:trafico@sanchezparrondo.com\" target=\"_self\"class=\"village-button normal\" >Solicite presupuesto<\/a><\/p>\n<p><\/div><\/p>\n<p><\/div><\/p>\n<p><\/div><\/p>\n<h3 style=\"text-align: center; color: #000000;\">*La calidad y el servicio nuestro referente*<\/h3>\n<p>.<\/p>\n<p>.<\/p>\n<p>.<\/p>\n<\/div>\n\n\n<p><\/p>\n\t\t\t<\/div>\n\n<\/div>\n\t\t\t\t \t\n\t\t\t\t\t\t\t\t \t<\/div>\n\t\t\t \n\t\t\t <\/div>\t\t\t\t<\/div> <!-- .inner -->\n\t\t<\/div> <!-- .section__block -->\n\t\t\n\t\t<div  id=\"section-noticias\" class=\"horizontal__page js_winsize off-page section__block js_page\"  style=\"background-color:#ffffff;\"   data-section='noticias' >\n\t\t \t\t\t<div  class=\"section__background backstretch\"  style=\"opacity:1;background-image:url('http:\/\/www.sanchezparrondo.com\/wp-content\/uploads\/2014\/12\/degradado-fondo.jpg');\" ><\/div>\n\t\t \n\n\t\t <div class=\"container--padding\" >\n\t\t\t\t\t<h2 class=\"section__title\">Noticias<\/h2>\n\t\t\n\t\t<div id=\"356-8\" class=\"village_block_page column cf one-whole\" >\n\t\t\t\t\t\t\t <div class=\"container js_scroll js_winsize\">\n\t\t\t\t\t\t\t\t\t\t \t\t<div class=\"single-page content\">\n\t\n\t<div class=\"content__inner\">\n\t\t<div style=\"margin-top: -60px;\">\n<h1 id=\"title\" style=\"text-align: center;\">Un transporte con coraz\u00f3n<\/h1>\n<blockquote>\n<h3 class=\"rteleft\">La Fundaci\u00f3n Wtransnet llam\u00f3 la atenci\u00f3n de todos nosotros hace m\u00e1s de un a\u00f1o para poner en nuestro conocimiento c\u00f3mo los transportistas podr\u00edan contribuir a que una organizaci\u00f3n como Banco de Alimentos pudiera hacerse cada d\u00eda m\u00e1s grande y mejor.<\/h3>\n<\/blockquote>\n<hr \/>\n<h2 style=\"text-align: center;\"><span style=\"color: #ff0000;\">Transfrigo Solidiario<\/span><\/h2>\n<p class=\"rteleft\">Y algunos de vosotros, como Enrique S\u00e1nchez Parrondo, ha cogido el testigo y ha decidido colaborar. Recientemente, en un acto p\u00fablico, recibi\u00f3 la pegatina \u201cCami\u00f3n solidario\u201d que le acredita como transportista solidario y que vemos lo bien qu\u00e9 luce en estas fotos que le hicimos con ocasi\u00f3n de su primer transporte solidario, desde las instalaciones de\u00a0 DHL, en Ontigola (Toledo) al Banco de Alimentos de Madrid, en Tres Cantos.<\/p>\n<p class=\"rteleft\">Pero no es el \u00fanico, otros transportistas ven\u00edan ejerciendo esta misma funci\u00f3n desde hace a\u00f1os y de forma callada, es el caso de DHL, quien lleva, seg\u00fan nos comenta Natalia Lorenzo, responsable de la gesti\u00f3n de tr\u00e1fico de DHL en toda la zona centro, \u201cdesde antes de que yo entrara en la empresa y ya llevo 11 a\u00f1os\u201d colaborando con Banco de Aliementos.<\/p>\n<p class=\"rteleft\">En esta ocasi\u00f3n, el transporte que ten\u00eda que realizar S\u00e1nchez Parrondo era sencillo, un tr\u00e1iler completo de mercanc\u00eda desde las instalaciones de DHL en Ont\u00edgola hasta el Banco de Alimentos de Madrid, desde donde a su vez se reparte a una serie de organizaciones humanitarias, que son ya las encargadas de ir a buscar estos productos a las instalaciones de bancos de Alimentos.<\/p>\n<p style=\"text-align: justify;\"><a href=\"http:\/\/blog.wtransnet.com\/es\/wtransnet-blog\/un-transporte-con-corazon\" target=\"_blank\" rel=\"http:\/\/blog.wtransnet.com\/es\/wtransnet-blog\/un-transporte-con-corazon noopener noreferrer\"><img loading=\"lazy\" class=\"alignnone size-full wp-image-658\" src=\"http:\/\/www.sanchezparrondo.com\/wp-content\/uploads\/2014\/09\/foto6.jpg\" alt=\"foto6\" width=\"150\" height=\"150\" align=\"right\" \/><\/a><\/p>\n<hr \/>\n<p style=\"text-align: justify;\">Mientras esper\u00e1bamos a que el cami\u00f3n fuera cargado, en un pedido que estaba perfectamente paletizado y organizado para su r\u00e1pida carga en el cami\u00f3n, como podemos ver en las fotos, tuvimos ocasi\u00f3n de hablar con Enrique S\u00e1nchez Parrondo, quien nos comentaba las razones por las que decidi\u00f3 apuntarse a esta corriente solidaria. Lo primero, c\u00f3mo se enter\u00f3 de esta forma de colaborar: fue \u201ca trav\u00e9s de Wtransnet donde v\u00ed el anunci\u00f3: lo sospes\u00e9 y lo coment\u00e9 con mi hermana y decidimos apuntarnos porque es un buen momento para colaborar\u201d. Y es mejor momento ahora que otros, sencillamente \u201cporque no estamos trabajando al 100%. Hace cuatro o cinco a\u00f1os me hubiera sido mucho m\u00e1s dif\u00edcil poner un tr\u00e1iler completo a disposici\u00f3n de Bancos de Alimentos ni de nadie sin causar un trastorno en el trabajo, en las rutas y en los discos de los ch\u00f3feres\u201d. Y es que no hay que olvidar que S\u00e1nchez Parrondo es una empresa familiar, gestionada por los hermanos y que mueven en total siete trailers.<\/p>\n<p style=\"text-align: justify;\">En esta ocasi\u00f3n, el transporte consisti\u00f3 en una carga completa desde las instalaciones de DHL tiene en Ont\u00edgola y que est\u00e1n pr\u00e1cticamente dedicadas en un 100% a un \u00fanico cliente. Unilever, hasta el almac\u00e9n de bancos de Alimentos de Madrid. Un transporte que normalmente har\u00eda DHL a su cuenta, pero que en esta ocasi\u00f3n lo transport\u00f3 Enrique S\u00e1nchez Parrondo con sus propios medios, aprovechando un tr\u00e1iler que hab\u00eda descargando cerca. Un transporte de 120 km por el que no ha cobrado nada pero que le ha producido la enorme satisfacci\u00f3n de estar contribuyendo a aliviar la mala situaci\u00f3n de muchos. \u00a0Y es que, tal y como est\u00e1n las cosas, y a pesar que el transporte ha ido empeorando mucho en los \u00faltimos a\u00f1os, Enrique se considera todav\u00eda \u201cun privilegiado\u201d.<\/p>\n<hr \/>\n<p style=\"text-align: justify;\"><a href=\"http:\/\/blog.wtransnet.com\/es\/wtransnet-blog\/un-transporte-con-corazon\" target=\"_blank\" rel=\"http:\/\/blog.wtransnet.com\/es\/wtransnet-blog\/un-transporte-con-corazon noopener noreferrer\"><img loading=\"lazy\" class=\"alignnone size-full wp-image-659\" src=\"http:\/\/www.sanchezparrondo.com\/wp-content\/uploads\/2014\/09\/foto3.jpg\" alt=\"foto3\" width=\"390\" height=\"273\" align=\"left\" srcset=\"https:\/\/www.sanchezparrondo.com\/wp-content\/uploads\/2014\/09\/foto3.jpg 469w, https:\/\/www.sanchezparrondo.com\/wp-content\/uploads\/2014\/09\/foto3-300x209.jpg 300w, https:\/\/www.sanchezparrondo.com\/wp-content\/uploads\/2014\/09\/foto3-200x139.jpg 200w\" sizes=\"(max-width: 390px) 100vw, 390px\" \/><\/a><br \/>\nColaborar es f\u00e1cil, s\u00f3lo hay que entrar en la p\u00e1gina web de Bancos de Alimentos o de la Fundaci\u00f3n Wtransnet y apuntarse. Si coincide alguna carga, normalmente no se requiere cami\u00f3n completo, valen unos huecos de palets, no hay m\u00e1s que reserv\u00e1rsela.<\/p>\n<\/div>\n<p><span style=\"color: #ffffff;\">*<\/span><\/p>\n<p><span style=\"color: #ffffff;\">*<\/span><\/p>\n<p><span style=\"color: #ffffff;\">*<\/span><\/p>\n<p><span style=\"color: #ffffff;\">*<\/span><\/p>\n<p><span style=\"color: #ffffff;\">.<\/span><\/p>\n<p><span style=\"color: #ffffff;\">.<\/span><\/p>\n<p><span style=\"color: #ffffff;\">.<\/span><\/p>\n\t\t\t<\/div>\n\n<\/div>\n\t\t\t\t \t\n\t\t\t\t\t\t\t\t \t<\/div>\n\t\t\t \n\t\t\t <\/div>\t\t\t\t<\/div> <!-- .inner -->\n\t\t<\/div> <!-- .section__block -->\n\t\t\n\t\t<div  id=\"section-contacto\" class=\"horizontal__page js_winsize off-page section__block js_page light-font\"  style=\"background-color:#2f79bd;\"   data-section='contacto' >\n\t\t \t\t\t<div  class=\"section__background backstretch\"  style=\"opacity:1;background-image:url('http:\/\/www.sanchezparrondo.com\/wp-content\/uploads\/2014\/12\/fondoDegradado1100x400.png');\" ><\/div>\n\t\t \n\n\t\t <div class=\"container--padding\" >\n\t\t\t\t\t<h2 class=\"section__title\">Contacto<\/h2>\n\t\t\n\t\t<div id=\"356-10\" class=\"village_block_page column cf one-whole\" >\n\t\t\t\t\t\t\t <div class=\"container js_scroll js_winsize\">\n\t\t\t\t\t\t\t\t\t\t \t\t<div class=\"single-page content\">\n\t\n\t<div class=\"content__inner\">\n\t\t<div style=\"margin-top: -60px;\">\n<h1 style=\"text-align: center; color: #000000;\">Contacta con Nosotros<\/h1>\n<p style=\"text-align: center; color: #000000;\"><strong>Direcci\u00f3n:<\/strong> C.T.M. Centro de Transportes de Madrid Oficina 119<br \/>\n28053 Madrid, Espa\u00f1a<br \/>\n<strong>Email:<\/strong> <a href=\"mailto:trafico@sanchezparrondo.com\" target=\"_blank\" rel=\"noopener\">trafico@sanchezparrondo.com<\/a><br \/>\n<strong>Tel\u00e9fono:<\/strong> 91 507 92 32<br \/>\n<strong>M\u00f3vil:<\/strong> 639 20 24 59<\/p>\n<div align=\"center\"><a href=\"https:\/\/www.google.es\/maps\/place\/Centro+de+Transportes+de+Madrid+SA\/@40.3655441,-3.6567674,17z\/data=!4m2!3m1!1s0xd42267cf0712b53:0x3338721fefa87fbb\" target=\"_blank\" rel=\"noopener\"><img loading=\"lazy\" class=\"alignnone size-full wp-image-530\" title=\"C\u00f3mo llegar\" src=\"http:\/\/www.sanchezparrondo.com\/wp-content\/uploads\/2013\/12\/gps1.png\" alt=\"gps\" width=\"600\" height=\"415\" srcset=\"https:\/\/www.sanchezparrondo.com\/wp-content\/uploads\/2013\/12\/gps1.png 600w, https:\/\/www.sanchezparrondo.com\/wp-content\/uploads\/2013\/12\/gps1-300x207.png 300w, https:\/\/www.sanchezparrondo.com\/wp-content\/uploads\/2013\/12\/gps1-200x138.png 200w\" sizes=\"(max-width: 600px) 100vw, 600px\" \/><\/a><\/div>\n<p style=\"text-align: center; color: #000000;\"><strong>\u00bfQuieres trabajar con nosotros?<\/strong> Rellena este formulario y nos pondremos en contacto contigo.<br \/>\nSi lo prefieres env\u00edanos directamente <strong>tu curr\u00edculum<\/strong> a <a href=\"mailto:trafico@sanchezparrondo.com\" target=\"_blank\" rel=\"noopener\">trafico@sanchezparrondo.com<\/a><\/p>\n<p><div role=\"form\" class=\"wpcf7\" id=\"wpcf7-f6-o1\" lang=\"es-ES\" dir=\"ltr\">\n<div class=\"screen-reader-response\"><p role=\"status\" aria-live=\"polite\" aria-atomic=\"true\"><\/p> <ul><\/ul><\/div>\n<form action=\"\/index.php?rest_route=%2Fwp%2Fv2%2Fpages%2F34#wpcf7-f6-o1\" method=\"post\" class=\"wpcf7-form init\" novalidate=\"novalidate\" data-status=\"init\">\n<div style=\"display: none;\">\n<input type=\"hidden\" name=\"_wpcf7\" value=\"6\" \/>\n<input type=\"hidden\" name=\"_wpcf7_version\" value=\"5.4.2\" \/>\n<input type=\"hidden\" name=\"_wpcf7_locale\" value=\"es_ES\" \/>\n<input type=\"hidden\" name=\"_wpcf7_unit_tag\" value=\"wpcf7-f6-o1\" \/>\n<input type=\"hidden\" name=\"_wpcf7_container_post\" value=\"0\" \/>\n<input type=\"hidden\" name=\"_wpcf7_posted_data_hash\" value=\"\" \/>\n<\/div>\n<p style=\"color:#000000\">Su nombre (requerido)<br \/>\n    <span class=\"wpcf7-form-control-wrap your-name\"><input type=\"text\" name=\"your-name\" value=\"\" size=\"40\" class=\"wpcf7-form-control wpcf7-text wpcf7-validates-as-required\" aria-required=\"true\" aria-invalid=\"false\" \/><\/span> <\/p>\n<p style=\"color:#000000\">Su e-mail (requerido)<br \/>\n    <span class=\"wpcf7-form-control-wrap your-email\"><input type=\"email\" name=\"your-email\" value=\"\" size=\"40\" class=\"wpcf7-form-control wpcf7-text wpcf7-email wpcf7-validates-as-required wpcf7-validates-as-email\" aria-required=\"true\" aria-invalid=\"false\" \/><\/span> <\/p>\n<p style=\"color:#000000\">Asunto<br \/>\n    <span class=\"wpcf7-form-control-wrap your-subject\"><input type=\"text\" name=\"your-subject\" value=\"\" size=\"40\" class=\"wpcf7-form-control wpcf7-text wpcf7-validates-as-required\" aria-required=\"true\" aria-invalid=\"false\" \/><\/span> <\/p>\n<p style=\"color:#000000\">Su mensaje<br \/>\n    <span class=\"wpcf7-form-control-wrap your-message\"><textarea name=\"your-message\" cols=\"40\" rows=\"10\" class=\"wpcf7-form-control wpcf7-textarea wpcf7-validates-as-required\" aria-required=\"true\" aria-invalid=\"false\"><\/textarea><\/span> <\/p>\n<div style=\"text-align: center;\"> <span class=\"wpcf7-form-control-wrap acceptance-cdi\"><span class=\"wpcf7-form-control wpcf7-acceptance\"><span class=\"wpcf7-list-item\"><input type=\"checkbox\" name=\"acceptance-cdi\" value=\"1\" aria-invalid=\"false\" \/><\/span><\/span><\/span> He le\u00eddo y acepto la informaci\u00f3n sobre protecci\u00f3n de datos. <br\/>(<a href=\"https:\/\/www.sanchezparrondo.com\/pol_prot_form.pdf\" target=\"_blank\">Informaci\u00f3n b\u00e1sica sobre protecci\u00f3n de datos<\/a>) <\/div>\n<p><br\/><\/p>\n<p style=\"color:#000000\"><input type=\"submit\" value=\"Enviar\" class=\"wpcf7-form-control wpcf7-submit\" \/><\/p>\n<div class=\"wpcf7-response-output\" aria-hidden=\"true\"><\/div><\/form><\/div><\/p>\n<p>.<\/p>\n<p>.<\/p>\n<p>.<\/p>\n<\/div>\n\t\t\t<\/div>\n\n<\/div>\n\t\t\t\t \t\n\t\t\t\t\t\t\t\t \t<\/div>\n\t\t\t \n\t\t\t <\/div>\t\t\t\t<\/div> <!-- .inner -->\n\t\t<\/div> <!-- .section__block -->\n\t\t<\/div>\n","protected":false},"excerpt":{"rendered":"<p>[template id=&#8221;356&#8243;]<\/p>\n","protected":false},"author":2,"featured_media":0,"parent":0,"menu_order":0,"comment_status":"open","ping_status":"open","template":"templates\/page-one-page.php","meta":[],"_links":{"self":[{"href":"https:\/\/www.sanchezparrondo.com\/index.php?rest_route=\/wp\/v2\/pages\/34"}],"collection":[{"href":"https:\/\/www.sanchezparrondo.com\/index.php?rest_route=\/wp\/v2\/pages"}],"about":[{"href":"https:\/\/www.sanchezparrondo.com\/index.php?rest_route=\/wp\/v2\/types\/page"}],"author":[{"embeddable":true,"href":"https:\/\/www.sanchezparrondo.com\/index.php?rest_route=\/wp\/v2\/users\/2"}],"replies":[{"embeddable":true,"href":"https:\/\/www.sanchezparrondo.com\/index.php?rest_route=%2Fwp%2Fv2%2Fcomments&post=34"}],"version-history":[{"count":2,"href":"https:\/\/www.sanchezparrondo.com\/index.php?rest_route=\/wp\/v2\/pages\/34\/revisions"}],"predecessor-version":[{"id":361,"href":"https:\/\/www.sanchezparrondo.com\/index.php?rest_route=\/wp\/v2\/pages\/34\/revisions\/361"}],"wp:attachment":[{"href":"https:\/\/www.sanchezparrondo.com\/index.php?rest_route=%2Fwp%2Fv2%2Fmedia&parent=34"}],"curies":[{"name":"wp","href":"https:\/\/api.w.org\/{rel}","templated":true}]}}